ainder when 5*7 + 1/((-17)/34) is divided by z*2/(-6)*-7.
5
Suppose -7*a + 215 = -2*a. Let l = a + 0. What is the remainder when l is divided by 16683/(-804) - 27/12 - -45?
21
Suppose -2*t + 8*u = 6*u + 326, -2*u - 178 = t. Let o = t + 180. Calculate the remainder when 0 - 1 - (0 - 23) is divided by o.
10
Suppose -2*f - 4*s + 14282 = 0, -8*f = -4*f - s - 28618. Calculate the remainder when f is divided by 265.
263
Let l = -5734 - -5752. Calculate the remainder when 1346 is divided by l.
14
Suppose 0 = 6*p + 5*p - 22. Suppose -7*i = -p*i - 555. What is the remainder when i is divided by 8?
7
What is the remainder when (-2012)/(-6) + (684/54 - 10) is divided by 158?
22
Suppose -67*w + 2*i = -62*w - 1496, -w - 3*i = -323. What is the remainder when w is divided by 189?
113
Suppose -b - 1 + 2 = 0. Let r(t) = 4*t**2 + t. Let k be r(b). Suppose 5*x - 75 = k*f, -5*x + 3*f + 75 = 8. What is the remainder when 32 is divided by x?
10
Suppose 426 = 3*a + 3*a. Suppose -81 = 2*u - a. Calculate the remainder when 10 is divided by -2 - u*(-1 + 2)*1.
1
Suppose -8*q = -5*q - 5*u - 58, 4*u - 25 = -q. Suppose -q*c - 1232 = -25*c + y, -1531 = -5*c - y. What is the remainder when c is divided by 62?
59
Let p = 2605 + -2592. Calculate the remainder when 4/6 - 73/(-3) is divided by p.
12
Suppose 0*k + 1157 = -2*k + 4387. What is the remainder when k is divided by 180?
175
Let j(v) = -28*v - 2. Suppose 0 = 152*u - 157*u - 3970. Let a = 822 + u. Calculate the remainder when j(-7) is divided by a.
26
Let k(c) = 259*c**3 - c**2 + 1. Suppose 0 = -6*r - 3*n - 130 + 295, -3*r + 86 = 2*n. What is the remainder when k(1) is divided by r?
19
Let m be (-170)/(-51) + (-1)/3*1. Suppose m*s = 4*z + 53, 5*s - 94 = 2*z - z. What is the remainder when 29 is divided by s?
10
Let y be -8 + ((-18)/(-6) - -2). Calculate the remainder when 29/((-1)/y*2/6) is divided by 33.
30
Suppose r + 3*r - 152 = 0. Let l = 15842 + -15580. Calculate the remainder when l is divided by r.
34
Suppose -662*h + 198 = -644*h. Let j(n) = -n - 5. Let b be j(0). Calculate the remainder when (-4)/(4/b)*5 is divided by h.
3
Suppose 2*z = 6584*h - 6585*h + 87, -z = -2*h - 56. Calculate the remainder when 2142 is divided by z.
26
Suppose 28*z - 106*z = -7956. What is the remainder when 1628 is divided by z?
98
Let b = 422 + -416. Let u(w) = -w**3 + 2*w**2 + 27*w - 1. Calculate the remainder when 38 is divided by u(b).
4
Let t = 58 + -254. Let b be (-3)/12 + t/(-16). What is the remainder when 31 is divided by (1*b)/(-1*5/(-5))?
7
Suppose 3*v = -5*t - 120, 4*t + 4*v = t - 83. Let s(i) = i**3 + 97*i**2 - 197*i + 122. What is the remainder when s(-99) is divided by (-37)/(-3) + 7/t?
11
Let g(s) = 23*s + 35. What is the remainder when 168 is divided by g(1)?
52
Let h(v) = -v**3 - 10*v**2 - 10*v + 7. Let l be h(-9). Suppose -30*a + l*a + 84 = 0. What is the remainder when a is divided by 5?
1
Let d(i) = 4 - 7*i - 5 + 2*i**2 + 4*i. Let c be d(4). Let b(w) = -w**2 + 20*w + 16. What is the remainder when b(c) is divided by 18?
17
Suppose 2*c - 61 - 245 = 0. Suppose 1377 = 23*z - 3108. Let o = -182 + z. Calculate the remainder when c is divided by o.
10
Suppose -2*m + 2*a - a + 5 = 0, -7 = -5*m - 3*a. Suppose -52 = -m*o + 56. Calculate the remainder when o is divided by 11.
10
Let o = -157 + 162. Suppose 4*q - w = 9*q - 243, 0 = 5*q + o*w - 255. What is the remainder when q is divided by 10?
8
Suppose 83 = 5*x - 3*s, -8*x = -5*x + 3*s - 69. What is the remainder when 299 is divided by x?
14
Let z = -1471 - -1481. Calculate the remainder when 2748 is divided by z.
8
Suppose 37*q = -46*q - 11*q + 282. What is the remainder when 90 is divided by q?
0
Let v be (-6)/(-30)*(15 + 0). Suppose -5 - 1 = -v*i. Suppose -u + 20 = -5*u, -i*u + 405 = 5*z. What is the remainder when z is divided by 21?
20
Let k = 2656 + -2637. Calculate the remainder when 326 is divided by k.
3
Suppose 0 = m + 4*y - 92, -47*m - 4*y + 208 = -45*m. What is the remainder when m is divided by 52?
12
Suppose -62*i = i - 1386. Suppose 0 = -5*z, 4*b + z = 201 + 931. What is the remainder when b is divided by i?
19
Suppose -3*b - 2*o = -1563, 35*b + 4*o + 2084 = 39*b. What is the remainder when b is divided by 2?
1
Suppose 5*g + y - 3*y = 1928, -5*g + y = -1924. What is the remainder when g is divided by (-152)/114 - (-705)/9?
76
What is the remainder when (-13132746)/(-9801) - 4/(-66) is divided by 429?
53
Let o(p) = p**2 - 25*p - 51. What is the remainder when o(-2) is divided by (-11)/11 - 8/(-2)?
0
Suppose -23*p - 4*p + 540 = 0. Calculate the remainder when 121 is divided by p.
1
Suppose -3*q - 4*s = -q - 60, 4*q = -2*s + 120. What is the remainder when 7378 is divided by q?
28
Let m(j) = -82*j + 19. Calculate the remainder when 986 is divided by m(0).
17
Let c(z) = 2*z - 2. Let o be c(-2). Let l be 1 + o/3*-2. Suppose -23 = -l*f + 22. Calculate the remainder when 16 is divided by f.
7
Suppose 323*o = 316*o + 5096. What is the remainder when o is divided by 19?
6
Let j = 215 - 33. Suppose -2542*p + 2681*p - 1565 = 5663. What is the remainder when j is divided by p?
26
Let p = -1649 - -1727. Calculate the remainder when 153 is divided by p.
75
Let x be (86/(-2))/(2/(-2)). Suppose -2*n - 5*q = -12, 4*q = -5*n + 4 + x. Let u = n + 12. Calculate the remainder when u is divided by 7.
2
Let a(o) = 6*o - o - 27*o - 19*o**2 - o**3 - 4. Let l be 15*((4 - (-246)/(-30)) + 3). Calculate the remainder when a(l) is divided by 36.
32
Suppose 4*a - 5*j - 412 = 0, 141*a = 143*a + 2*j - 170. What is the remainder when 11530 is divided by a?
91
Let f = -147813 + 147839. Let h(l) = -6*l**3 - 2*l**2 - 2*l - 2. Calculate the remainder when h(-3) is divided by f.
18
Let g(t) = -4*t**3. Let p be g(-1). Suppose -168 = p*l - 16*l. Suppose 2*a - 5*a = -108. Calculate the remainder when a is divided by l.
8
Let b(a) = 31*a + 2425. What is the remainder when b(-39) is divided by 1203?
13
Let z = 28961 + -28948. Calculate the remainder when z is divided by (-1)/((-2)/(-20)*-2).
3
Let c(l) = -l**3 + l**2 - l + 38. Let y = 570 - 386. Suppose -149 = -y*j + 183*j. What is the remainder when j is divided by c(0)?
35
Let h(d) = 17*d**2 - d - 1. Suppose -5*g + 2336 = 3*t, -4*g = 5*t + 803 - 4718. Let m = -738 + t. What is the remainder when m is divided by h(-1)?
15
Let z be ((-72)/126)/((-4)/14). Suppose 5*s - 2*a - 275 = 0, -z*s + 110 = -4*a - 0*a. Calculate the remainder when 91 is divided by s.
36
Let z = -11217 - -24706. What is the remainder when z is divided by 95?
94
Let b = -1157 - -1253. Let v(w) = -37*w + 2. Calculate the remainder when b is divided by v(-1).
18
Suppose 4*u = c + 13, 5*u = 5*c + 11 - 21. Suppose 0 = -c*o + 206 - 101. What is the remainder when o is divided by 5?
0
Suppose -158*c = -145*c - 442. Let j(o) = 12*o + 39. Calculate the remainder when j(0) is divided by c.
5
Let n be (-30)/4*8/10 - 0. Let d be (-47)/(-3) - 2/n. Let k = d + 1. What is the remainder when k is divided by 5?
2
Suppose -4*p + 5*r = -415, -3 + 12 = -3*r. Let n be p/4*2/(4 - 2). Suppose 6*g + n = 187. Calculate the remainder when 53 is divided by g.
26
Suppose 24*u = 331 + 1493. Suppose 0 = -u*s + 78*s - 178. What is the remainder when s is divided by 13?
11
Suppose -3*r + 484 = -w, -3*w = 5*r - 5*w - 808. Calculate the remainder when r is divided by 23.
22
Let p = -124 + 177. Let x = 8 + p. Let n(a) = 15*a - 29. What is the remainder when x is divided by n(3)?
13
Let q(y) = y**2 + 27*y + 28. Let x be q(-1). Suppose -6*z + 8*z = 5*c + 154, -x*c - 292 = -4*z. What is the remainder when 355 is divided by z?
67
Let j = 1797 - 61. What is the remainder when 3485 is divided by j?
13
Let o(k) = 10*k + 190. Let i(n) = -3*n**2 - 35*n + 20. Let s be i(-12). Calculate the remainder when o(s) is divided by 17.
15
Let a = -9 - -18. What is the remainder when 2456 is divided by a?
8
Calculate the remainder when 186 is divided by 6/(-51) - (-5 + 17984/(-272)).
44
Let f = 41 - 35. Let c be f/7*(6 + 8). Calculate the remainder when 45/c*4 + -1 is divided by 8.
6
Let h(m) = m**2 + 10*m + 190. Calculate the remainder when h(-22) is divided by 94.
78
Let d(k) = -651*k + 4624. Calculate the remainder when (145 - -1)*(-33)/(-6) is divided by d(7).
66
Suppose 192 + 15 = 3*c. Suppose -5*i - 23 = -113. Suppose i*m - 